{"id":159,"date":"2022-01-17T10:51:28","date_gmt":"2022-01-17T13:51:28","guid":{"rendered":"https:\/\/secovipr.com.br\/?page_id=159"},"modified":"2022-07-11T15:10:17","modified_gmt":"2022-07-11T18:10:17","slug":"diretoria-executiva","status":"publish","type":"page","link":"https:\/\/secovimed-pr.com.br\/maringa\/institucional\/diretoria-executiva\/","title":{"rendered":"Diretoria Servi\u00e7o Social da Habita\u00e7\u00e3o de Maring\u00e1"},"content":{"rendered":"\n<p class=\"has-text-align-center\"><strong>Presidente<\/strong><br>Reginaldo Cesar Lamim<\/p>\n\n\n\n<p class=\"has-text-align-center\"><strong>Vice-Presidente<\/strong><br>Luiz Antonio Langer<\/p>\n\n\n\n<p class=\"has-text-align-center\"><strong>Vice-Presidente de Planejamento<\/strong><br>Luiz Carlos Borges da Silva<\/p>\n\n\n\n<p class=\"has-text-align-center\"><strong>Vice-Presidente Financeiro<\/strong><br>S\u00e9rgio Schwinds<\/p>\n\n\n\n<p class=\"has-text-align-center\"><strong>Vice-Presidente Administrativo<\/strong><\/p>\n\n\n\n<p class=\"has-text-align-center\">Lino Moser<\/p>\n\n\n\n<p class=\"has-text-align-center\"><strong>Conselho Fiscal<\/strong><\/p>\n\n\n\n<p class=\"has-text-align-center\"><strong>Efetivos<\/strong>:<\/p>\n\n\n\n<p class=\"has-text-align-center\">Jo\u00e3o Fran\u00e7olin Tomazini<br>Osmar Nodar<br>Jos\u00e9 Carlos Infante Bonatto<\/p>\n\n\n\n<p class=\"has-text-align-center\"><strong>Suplentes<\/strong>:<\/p>\n\n\n\n<p class=\"has-text-align-center\">Liliana Ribas Tavarnaro<br>Reginaldo Cesar Lamim<br>Victor Daniel Moretti<\/p>\n","protected":false},"excerpt":{"rendered":"<p>PresidenteReginaldo Cesar Lamim Vice-PresidenteLuiz Antonio Langer Vice-Presidente de PlanejamentoLuiz Carlos Borges da Silva Vice-Presidente FinanceiroS\u00e9rgio Schwinds Vice-Presidente Administrativo Lino Moser Conselho Fiscal Efetivos: Jo\u00e3o Fran\u00e7olin TomaziniOsmar NodarJos\u00e9 Carlos Infante Bonatto Suplentes: Liliana Ribas TavarnaroReginaldo Cesar LamimVictor Daniel Moretti<\/p>\n","protected":false},"author":1,"featured_media":0,"parent":38,"menu_order":0,"comment_status":"closed","ping_status":"closed","template":"","meta":[],"acf":[],"yoast_head":"<!-- This site is optimized with the Yoast SEO plugin v17.9 - https:\/\/yoast.com\/wordpress\/plugins\/seo\/ -->\n<title>Diretoria Servi\u00e7o Social da Habita\u00e7\u00e3o de Maring\u00e1 - SecoviMed - Maring\u00e1<\/title>\n<meta name=\"robots\" content=\"noindex, follow, max-snippet:-1, max-image-preview:large, max-video-preview:-1\" \/>\n<meta property=\"og:locale\" content=\"pt_BR\" \/>\n<meta property=\"og:type\" content=\"article\" \/>\n<meta property=\"og:title\" content=\"Diretoria Servi\u00e7o Social da Habita\u00e7\u00e3o de Maring\u00e1 - SecoviMed - Maring\u00e1\" \/>\n<meta property=\"og:description\" content=\"PresidenteReginaldo Cesar Lamim Vice-PresidenteLuiz Antonio Langer Vice-Presidente de PlanejamentoLuiz Carlos Borges da Silva Vice-Presidente FinanceiroS\u00e9rgio Schwinds Vice-Presidente Administrativo Lino Moser Conselho Fiscal Efetivos: Jo\u00e3o Fran\u00e7olin TomaziniOsmar NodarJos\u00e9 Carlos Infante Bonatto Suplentes: Liliana Ribas TavarnaroReginaldo Cesar LamimVictor Daniel Moretti\" \/>\n<meta property=\"og:url\" content=\"https:\/\/secovimed-pr.com.br\/maringa\/institucional\/diretoria-executiva\/\" \/>\n<meta property=\"og:site_name\" content=\"SecoviMed - Maring\u00e1\" \/>\n<meta property=\"article:modified_time\" content=\"2022-07-11T18:10:17+00:00\" \/>\n<meta name=\"twitter:card\" content=\"summary_large_image\" \/>\n<meta name=\"twitter:label1\" content=\"Est. tempo de leitura\" \/>\n\t<meta name=\"twitter:data1\" content=\"1 minuto\" \/>\n<script type=\"application\/ld+json\" class=\"yoast-schema-graph\">{\"@context\":\"https:\/\/schema.org\",\"@graph\":[{\"@type\":\"WebSite\",\"@id\":\"https:\/\/secovimed-pr.com.br\/maringa\/#website\",\"url\":\"https:\/\/secovimed-pr.com.br\/maringa\/\",\"name\":\"SecoviMed - Maring\\u00e1\",\"description\":\"Servi\\u00e7o Social da Habita\\u00e7\\u00e3o\",\"potentialAction\":[{\"@type\":\"SearchAction\",\"target\":{\"@type\":\"EntryPoint\",\"urlTemplate\":\"https:\/\/secovimed-pr.com.br\/maringa\/?s={search_term_string}\"},\"query-input\":\"required name=search_term_string\"}],\"inLanguage\":\"pt-BR\"},{\"@type\":\"WebPage\",\"@id\":\"https:\/\/secovimed-pr.com.br\/maringa\/institucional\/diretoria-executiva\/#webpage\",\"url\":\"https:\/\/secovimed-pr.com.br\/maringa\/institucional\/diretoria-executiva\/\",\"name\":\"Diretoria Servi\\u00e7o Social da Habita\\u00e7\\u00e3o de Maring\\u00e1 - SecoviMed - Maring\\u00e1\",\"isPartOf\":{\"@id\":\"https:\/\/secovimed-pr.com.br\/maringa\/#website\"},\"datePublished\":\"2022-01-17T13:51:28+00:00\",\"dateModified\":\"2022-07-11T18:10:17+00:00\",\"breadcrumb\":{\"@id\":\"https:\/\/secovimed-pr.com.br\/maringa\/institucional\/diretoria-executiva\/#breadcrumb\"},\"inLanguage\":\"pt-BR\",\"potentialAction\":[{\"@type\":\"ReadAction\",\"target\":[\"https:\/\/secovimed-pr.com.br\/maringa\/institucional\/diretoria-executiva\/\"]}]},{\"@type\":\"BreadcrumbList\",\"@id\":\"https:\/\/secovimed-pr.com.br\/maringa\/institucional\/diretoria-executiva\/#breadcrumb\",\"itemListElement\":[{\"@type\":\"ListItem\",\"position\":1,\"name\":\"In\\u00edcio\",\"item\":\"https:\/\/secovimed-pr.com.br\/maringa\/\"},{\"@type\":\"ListItem\",\"position\":2,\"name\":\"Institucional\",\"item\":\"https:\/\/secovimed-pr.com.br\/maringa\/institucional\/\"},{\"@type\":\"ListItem\",\"position\":3,\"name\":\"Diretoria Servi\\u00e7o Social da Habita\\u00e7\\u00e3o de Maring\\u00e1\"}]}]}<\/script>\n<!-- \/ Yoast SEO plugin. -->","yoast_head_json":{"title":"Diretoria Servi\u00e7o Social da Habita\u00e7\u00e3o de Maring\u00e1 - SecoviMed - Maring\u00e1","robots":{"index":"noindex","follow":"follow","max-snippet":"max-snippet:-1","max-image-preview":"max-image-preview:large","max-video-preview":"max-video-preview:-1"},"og_locale":"pt_BR","og_type":"article","og_title":"Diretoria Servi\u00e7o Social da Habita\u00e7\u00e3o de Maring\u00e1 - SecoviMed - Maring\u00e1","og_description":"PresidenteReginaldo Cesar Lamim Vice-PresidenteLuiz Antonio Langer Vice-Presidente de PlanejamentoLuiz Carlos Borges da Silva Vice-Presidente FinanceiroS\u00e9rgio Schwinds Vice-Presidente Administrativo Lino Moser Conselho Fiscal Efetivos: Jo\u00e3o Fran\u00e7olin TomaziniOsmar NodarJos\u00e9 Carlos Infante Bonatto Suplentes: Liliana Ribas TavarnaroReginaldo Cesar LamimVictor Daniel Moretti","og_url":"https:\/\/secovimed-pr.com.br\/maringa\/institucional\/diretoria-executiva\/","og_site_name":"SecoviMed - Maring\u00e1","article_modified_time":"2022-07-11T18:10:17+00:00","twitter_card":"summary_large_image","twitter_misc":{"Est. tempo de leitura":"1 minuto"},"schema":{"@context":"https:\/\/schema.org","@graph":[{"@type":"WebSite","@id":"https:\/\/secovimed-pr.com.br\/maringa\/#website","url":"https:\/\/secovimed-pr.com.br\/maringa\/","name":"SecoviMed - Maring\u00e1","description":"Servi\u00e7o Social da Habita\u00e7\u00e3o","potentialAction":[{"@type":"SearchAction","target":{"@type":"EntryPoint","urlTemplate":"https:\/\/secovimed-pr.com.br\/maringa\/?s={search_term_string}"},"query-input":"required name=search_term_string"}],"inLanguage":"pt-BR"},{"@type":"WebPage","@id":"https:\/\/secovimed-pr.com.br\/maringa\/institucional\/diretoria-executiva\/#webpage","url":"https:\/\/secovimed-pr.com.br\/maringa\/institucional\/diretoria-executiva\/","name":"Diretoria Servi\u00e7o Social da Habita\u00e7\u00e3o de Maring\u00e1 - SecoviMed - Maring\u00e1","isPartOf":{"@id":"https:\/\/secovimed-pr.com.br\/maringa\/#website"},"datePublished":"2022-01-17T13:51:28+00:00","dateModified":"2022-07-11T18:10:17+00:00","breadcrumb":{"@id":"https:\/\/secovimed-pr.com.br\/maringa\/institucional\/diretoria-executiva\/#breadcrumb"},"inLanguage":"pt-BR","potentialAction":[{"@type":"ReadAction","target":["https:\/\/secovimed-pr.com.br\/maringa\/institucional\/diretoria-executiva\/"]}]},{"@type":"BreadcrumbList","@id":"https:\/\/secovimed-pr.com.br\/maringa\/institucional\/diretoria-executiva\/#breadcrumb","itemListElement":[{"@type":"ListItem","position":1,"name":"In\u00edcio","item":"https:\/\/secovimed-pr.com.br\/maringa\/"},{"@type":"ListItem","position":2,"name":"Institucional","item":"https:\/\/secovimed-pr.com.br\/maringa\/institucional\/"},{"@type":"ListItem","position":3,"name":"Diretoria Servi\u00e7o Social da Habita\u00e7\u00e3o de Maring\u00e1"}]}]}},"_links":{"self":[{"href":"https:\/\/secovimed-pr.com.br\/maringa\/wp-json\/wp\/v2\/pages\/159"}],"collection":[{"href":"https:\/\/secovimed-pr.com.br\/maringa\/wp-json\/wp\/v2\/pages"}],"about":[{"href":"https:\/\/secovimed-pr.com.br\/maringa\/wp-json\/wp\/v2\/types\/page"}],"author":[{"embeddable":true,"href":"https:\/\/secovimed-pr.com.br\/maringa\/wp-json\/wp\/v2\/users\/1"}],"replies":[{"embeddable":true,"href":"https:\/\/secovimed-pr.com.br\/maringa\/wp-json\/wp\/v2\/comments?post=159"}],"version-history":[{"count":3,"href":"https:\/\/secovimed-pr.com.br\/maringa\/wp-json\/wp\/v2\/pages\/159\/revisions"}],"predecessor-version":[{"id":880,"href":"https:\/\/secovimed-pr.com.br\/maringa\/wp-json\/wp\/v2\/pages\/159\/revisions\/880"}],"up":[{"embeddable":true,"href":"https:\/\/secovimed-pr.com.br\/maringa\/wp-json\/wp\/v2\/pages\/38"}],"wp:attachment":[{"href":"https:\/\/secovimed-pr.com.br\/maringa\/wp-json\/wp\/v2\/media?parent=159"}],"curies":[{"name":"wp","href":"https:\/\/api.w.org\/{rel}","templated":true}]}}

Diretoria Serviço Social da Habitação de Maringá

<p class="has-text-align-center"><strong>Presidente</strong><br>Reginaldo Cesar Lamim</p>



<p class="has-text-align-center"><strong>Vice-Presidente</strong><br>Luiz Antonio Langer</p>



<p class="has-text-align-center"><strong>Vice-Presidente de Planejamento</strong><br>Luiz Carlos Borges da Silva</p>



<p class="has-text-align-center"><strong>Vice-Presidente Financeiro</strong><br>Sérgio Schwinds</p>



<p class="has-text-align-center"><strong>Vice-Presidente Administrativo</strong></p>



<p class="has-text-align-center">Lino Moser</p>



<p class="has-text-align-center"><strong>Conselho Fiscal</strong></p>



<p class="has-text-align-center"><strong>Efetivos</strong>:</p>



<p class="has-text-align-center">João Françolin Tomazini<br>Osmar Nodar<br>José Carlos Infante Bonatto</p>



<p class="has-text-align-center"><strong>Suplentes</strong>:</p>



<p class="has-text-align-center">Liliana Ribas Tavarnaro<br>Reginaldo Cesar Lamim<br>Victor Daniel Moretti</p>

<p>PresidenteReginaldo Cesar Lamim Vice-PresidenteLuiz Antonio Langer Vice-Presidente de PlanejamentoLuiz Carlos Borges da Silva Vice-Presidente FinanceiroSérgio Schwinds Vice-Presidente Administrativo Lino Moser Conselho Fiscal Efetivos: João Françolin TomaziniOsmar NodarJosé Carlos Infante Bonatto Suplentes: Liliana Ribas TavarnaroReginaldo Cesar LamimVictor Daniel Moretti</p>

<!-- This site is optimized with the Yoast SEO plugin v17.9 - https://yoast.com/wordpress/plugins/seo/ -->
<title>Diretoria Serviço Social da Habitação de Maringá - SecoviMed - Maringá</title>
<meta name="robots" content="noindex, follow, max-snippet:-1, max-image-preview:large, max-video-preview:-1" />
<meta property="og:locale" content="pt_BR" />
<meta property="og:type" content="article" />
<meta property="og:title" content="Diretoria Serviço Social da Habitação de Maringá - SecoviMed - Maringá" />
<meta property="og:description" content="PresidenteReginaldo Cesar Lamim Vice-PresidenteLuiz Antonio Langer Vice-Presidente de PlanejamentoLuiz Carlos Borges da Silva Vice-Presidente FinanceiroSérgio Schwinds Vice-Presidente Administrativo Lino Moser Conselho Fiscal Efetivos: João Françolin TomaziniOsmar NodarJosé Carlos Infante Bonatto Suplentes: Liliana Ribas TavarnaroReginaldo Cesar LamimVictor Daniel Moretti" />
<meta property="og:url" content="https://secovimed-pr.com.br/maringa/institucional/diretoria-executiva/" />
<meta property="og:site_name" content="SecoviMed - Maringá" />
<meta property="article:modified_time" content="2022-07-11T18:10:17+00:00" />
<meta name="twitter:card" content="summary_large_image" />
<meta name="twitter:label1" content="Est. tempo de leitura" />
	<meta name="twitter:data1" content="1 minuto" />
<script type="application/ld+json" class="yoast-schema-graph">{"@context":"https://schema.org","@graph":[{"@type":"WebSite","@id":"https://secovimed-pr.com.br/maringa/#website","url":"https://secovimed-pr.com.br/maringa/","name":"SecoviMed - Maring\u00e1","description":"Servi\u00e7o Social da Habita\u00e7\u00e3o","potentialAction":[{"@type":"SearchAction","target":{"@type":"EntryPoint","urlTemplate":"https://secovimed-pr.com.br/maringa/?s={search_term_string}"},"query-input":"required name=search_term_string"}],"inLanguage":"pt-BR"},{"@type":"WebPage","@id":"https://secovimed-pr.com.br/maringa/institucional/diretoria-executiva/#webpage","url":"https://secovimed-pr.com.br/maringa/institucional/diretoria-executiva/","name":"Diretoria Servi\u00e7o Social da Habita\u00e7\u00e3o de Maring\u00e1 - SecoviMed - Maring\u00e1","isPartOf":{"@id":"https://secovimed-pr.com.br/maringa/#website"},"datePublished":"2022-01-17T13:51:28+00:00","dateModified":"2022-07-11T18:10:17+00:00","breadcrumb":{"@id":"https://secovimed-pr.com.br/maringa/institucional/diretoria-executiva/#breadcrumb"},"inLanguage":"pt-BR","potentialAction":[{"@type":"ReadAction","target":["https://secovimed-pr.com.br/maringa/institucional/diretoria-executiva/"]}]},{"@type":"BreadcrumbList","@id":"https://secovimed-pr.com.br/maringa/institucional/diretoria-executiva/#breadcrumb","itemListElement":[{"@type":"ListItem","position":1,"name":"In\u00edcio","item":"https://secovimed-pr.com.br/maringa/"},{"@type":"ListItem","position":2,"name":"Institucional","item":"https://secovimed-pr.com.br/maringa/institucional/"},{"@type":"ListItem","position":3,"name":"Diretoria Servi\u00e7o Social da Habita\u00e7\u00e3o de Maring\u00e1"}]}]}</script>
<!-- / Yoast SEO plugin. -->

Diretoria Serviço Social da Habitação de Maringá - SecoviMed - Maringá

PresidenteReginaldo Cesar Lamim Vice-PresidenteLuiz Antonio Langer Vice-Presidente de PlanejamentoLuiz Carlos Borges da Silva Vice-Presidente FinanceiroSérgio Schwinds Vice-Presidente Administrativo Lino Moser Conselho Fiscal Efetivos: João Françolin TomaziniOsmar NodarJosé Carlos Infante Bonatto Suplentes: Liliana Ribas TavarnaroReginaldo Cesar LamimVictor Daniel Moretti

SecoviMed - Maringá

Serviço Social da Habitação

Início
