{"id":441,"date":"2022-05-13T15:41:58","date_gmt":"2022-05-13T18:41:58","guid":{"rendered":"https:\/\/londrina.secovimed-pr.com.br\/?page_id=441"},"modified":"2022-05-13T15:41:59","modified_gmt":"2022-05-13T18:41:59","slug":"historia","status":"publish","type":"page","link":"https:\/\/secovimed-pr.com.br\/londrina\/historia\/","title":{"rendered":"Hist\u00f3ria"},"content":{"rendered":"\n<p>SECOVIMED \u2013 CURITIBA<\/p>\n\n\n\n<p><strong>1996<\/strong><\/p>\n\n\n\n<p>Sob a Coordena\u00e7\u00e3o do Presidente Edmar Arruda o Secovi realiza as primeiras reuni\u00f5es voltadas para discuss\u00e3o de projetos sociais. A diretoria do Secovi-PR elabora o Plano de A\u00e7\u00e3o para \u00e1rea social, determinando as prioridades e os objetivos que se pretendia alcan\u00e7ar. S\u00e3o realizadas visitas a outras entidades de atendimento social, agregando experi\u00eancias e verificando quais as melhores alternativas para a\u00e7\u00f5es sociais. Define-se como linha de a\u00e7\u00e3o utilizar a sa\u00fade como forma de dignificar e melhorar a qualidade de vida dos trabalhadores vinculados ao setor da habita\u00e7\u00e3o.<\/p>\n\n\n\n<p><strong>1997<\/strong><\/p>\n\n\n\n<p>\u00c9 elaborado o projeto de viabilidade econ\u00f4mico-financeira da entidade voltada ao atendimento de sa\u00fade dos trabalhadores e empregadores. Toma forma o \u201cServi\u00e7o Social da Habita\u00e7\u00e3o do Pr. \u2013 SecoviMed-PR\u201d,&nbsp; sociedade civil sem fins lucrativos destinada a presta\u00e7\u00e3o de servi\u00e7os sociais, em especial o atendimento m\u00e9dico, odontol\u00f3gico e exames laboratoriais.<\/p>\n\n\n\n<p>Foi elaborada e inserida na Conven\u00e7\u00e3o Coletiva de Trabalho cl\u00e1usula que regulamenta o recolhimento de contribui\u00e7\u00e3o compuls\u00f3ria mensal para o SecoviMed-PR, bem como os crit\u00e9rios de atendimento e cobran\u00e7a.<\/p>\n\n\n\n<p>Em Outubro\/97 entra em vigor a CCT contemplando o SecoviMed-PR<\/p>\n\n\n\n<p><strong>1998<\/strong><\/p>\n\n\n\n<p>Com a miss\u00e3o de promover \u201cDignidade e Qualidade de Vida\u201d para os trabalhadores, o SecoviMed-PR inicia suas atividades em Fevereiro\/98 S\u00e3o contratados os primeiros profissionais de sa\u00fade, sendo 02 Cirurgi\u00f5es Dentistas e 01 M\u00e9dico Clinico Geral; Em Abril\/98 teve in\u00edcio o atendimento de Ginecologia; Em Setembro\/98 teve in\u00edcio o atendimento de Oftalmologia. Em Outubro\/98 teve in\u00edcio o atendimento de Cardiologia;<\/p>\n\n\n\n<p><strong>1999<\/strong><\/p>\n\n\n\n<p>Em Janeiro\/99 o SecoviMed-PR inicia o atendimento de Medicina Ocupacional. Em Mar\u00e7o\/99 foi adquirido todo equipamento pr\u00f3prio para exames de Oftalmologia, com investimentos da ordem de US$ 25.000 Em Agosto\/99 o Servi\u00e7o Social da Habita\u00e7\u00e3o do Paran\u00e1 \u2013 SecoviMed-PR recebeu a Certifica\u00e7\u00e3o de Qualidade NBR ISO9002-1994 do Instituto de Tecnologia do Paran\u00e1- TECPAR.<\/p>\n\n\n\n<p><strong>2000<\/strong><\/p>\n\n\n\n<p>Em 10 de Janeiro de 2000 \u00e9 inaugurado&nbsp; o SindiMed-Maring\u00e1, iniciando seu atendimento ap\u00f3s 03 meses de car\u00eancia. SecoviMed-PR amplia sua estrutura de atendimento com aquisi\u00e7\u00e3o de mais 02 consult\u00f3rios odontol\u00f3gicos e contrata\u00e7\u00e3o de mais 04 Cirurgi\u00f5es Dentistas, 01 M\u00e9dico Oftalmologista e 01 M\u00e9dico Ginecologista e 01 Clinico&nbsp; Geral<\/p>\n\n\n\n<p><strong>2001<\/strong><\/p>\n\n\n\n<p>SindiMed-Maring\u00e1 amplia seu atendimento na \u00e1rea m\u00e9dica e odontol\u00f3gica; \u00c9 aprovada na Diretoria do SecoviMed-PR a proposta para edifica\u00e7\u00e3o de sua Sede Pr\u00f3pria; Formaliza-se o cons\u00f3rcio entre Secovi-PR e Sinduscon-Norte para inclus\u00e3o do SindiMed Servi\u00e7o Social de Londrina&nbsp; nas CCT dos dois setores; Em Novembro\/01 inicia-se o recolhimento ao SindiMed-Londrina e o per\u00edodo de car\u00eancia de 03 meses para divulga\u00e7\u00e3o e investimentos em infra-estrutura.<\/p>\n\n\n\n<p><strong>2002<\/strong><\/p>\n\n\n\n<p>Em 15 de Mar\u00e7o de 2002 \u00e9 inaugurado o SindiMed Servi\u00e7o Social de Londrina; Em Julho\/02 \u00e9 dado in\u00edcio \u00e0s obras de constru\u00e7\u00e3o da sede pr\u00f3pria do SecoviMed Em Outubro de 2002 o SecoviMed-PR recebeu a Certifica\u00e7\u00e3o de Qualidade NBR ISO9001-2000 do TECPAR \u2013 Instituto de Tecnologia do Paran\u00e1.<\/p>\n\n\n\n<p><strong>2004<\/strong><\/p>\n\n\n\n<p>Em Setembro de 2004 foi implantado atendimento se Servi\u00e7o Social com Assistente Social a fim de orientar, efetuar levantamento socio econ\u00f4mico do setor da Habita\u00e7\u00e3o, assessorar a equipe m\u00e9dica e odontol\u00f3gica no p\u00f3s-atendimento do profissional, ajudar nas d\u00favidas sobre alcoolismo, AIDS entre outras atividades.&nbsp;<\/p>\n\n\n\n<p><strong>2006<\/strong><\/p>\n\n\n\n<p>No dia 06\/06\/2006, o SecoviMed-PR inaugura sua sede pr\u00f3pria no Edif\u00edcio da Habita\u00e7\u00e3o, em homenagem aos empres\u00e1rios e s\u00edndicos do setor imobili\u00e1rio que contribu\u00edram para realiza\u00e7\u00e3o deste sonho.&nbsp; O Edif\u00edcio da Habita\u00e7\u00e3o possui no total mais de 2.700 M\u00b2 de \u00e1rea constru\u00edda, totalmente voltado ao atendimento de empregadores e empregados do setor imobili\u00e1rio e habitacional, atrav\u00e9s da entidades integrantes do Sistema Secovi-PR.<\/p>\n\n\n\n<p><strong>2007<\/strong><\/p>\n\n\n\n<p>Em 06\/09\/2007 O SecoviMed-PR recebe sua terceira Certifica\u00e7\u00e3o de Qualidade NBR ISO 9001-2000 do TECPAR- Instituto de Tecnologia do Paran\u00e1.<\/p>\n\n\n\n<p><strong>2008<\/strong><\/p>\n\n\n\n<p>Em o SecoviMed-PR amplia seu atendimento iniciando atendimento nas \u00e1reas de Dermatologia, Ortopedia e Fisioterapia.<\/p>\n\n\n\n<p><strong>2009<\/strong><\/p>\n\n\n\n<p><strong><\/strong>O SecoviMed-PR inicia atendimento nas \u00e1reas de Urologia e Psicologia.<\/p>\n\n\n\n<p><strong>2010<\/strong><\/p>\n\n\n\n<p>O SecoviMed-PR amplia mais uma vez seu quadro de especialidades atendendo agora Psiquiatria.<\/p>\n\n\n\n<p><strong>2012<\/strong><\/p>\n\n\n\n<p>\u00c9 implantado o atendimento na especialidade de Angiologia.<\/p>\n\n\n\n<p><strong>2013<\/strong><\/p>\n\n\n\n<p>O SecoviMed-PR investe em equipamento de RX pr\u00f3prio e passa a realizar esse exame dentro de sua estrutura, facilitando assim o atendimento aos usu\u00e1rios.<\/p>\n","protected":false},"excerpt":{"rendered":"<p>SECOVIMED \u2013 CURITIBA 1996 Sob a Coordena\u00e7\u00e3o do Presidente Edmar Arruda o Secovi realiza as primeiras reuni\u00f5es voltadas para discuss\u00e3o de projetos sociais. A diretoria do Secovi-PR elabora o Plano de A\u00e7\u00e3o para \u00e1rea social, determinando as prioridades e os objetivos que se pretendia alcan\u00e7ar. S\u00e3o realizadas visitas a outras entidades de atendimento social, agregando [&hellip;]<\/p>\n","protected":false},"author":1,"featured_media":0,"parent":0,"menu_order":0,"comment_status":"closed","ping_status":"closed","template":"","meta":[],"acf":[],"yoast_head":"<!-- This site is optimized with the Yoast SEO plugin v17.9 - https:\/\/yoast.com\/wordpress\/plugins\/seo\/ -->\n<title>Hist\u00f3ria - SecoviMed - Londrina<\/title>\n<meta name=\"robots\" content=\"noindex, follow, max-snippet:-1, max-image-preview:large, max-video-preview:-1\" \/>\n<meta property=\"og:locale\" content=\"pt_BR\" \/>\n<meta property=\"og:type\" content=\"article\" \/>\n<meta property=\"og:title\" content=\"Hist\u00f3ria - SecoviMed - Londrina\" \/>\n<meta property=\"og:description\" content=\"SECOVIMED \u2013 CURITIBA 1996 Sob a Coordena\u00e7\u00e3o do Presidente Edmar Arruda o Secovi realiza as primeiras reuni\u00f5es voltadas para discuss\u00e3o de projetos sociais. A diretoria do Secovi-PR elabora o Plano de A\u00e7\u00e3o para \u00e1rea social, determinando as prioridades e os objetivos que se pretendia alcan\u00e7ar. S\u00e3o realizadas visitas a outras entidades de atendimento social, agregando [&hellip;]\" \/>\n<meta property=\"og:url\" content=\"https:\/\/secovimed-pr.com.br\/londrina\/historia\/\" \/>\n<meta property=\"og:site_name\" content=\"SecoviMed - Londrina\" \/>\n<meta property=\"article:modified_time\" content=\"2022-05-13T18:41:59+00:00\" \/>\n<meta name=\"twitter:card\" content=\"summary_large_image\" \/>\n<meta name=\"twitter:label1\" content=\"Est. tempo de leitura\" \/>\n\t<meta name=\"twitter:data1\" content=\"4 minutos\" \/>\n<script type=\"application\/ld+json\" class=\"yoast-schema-graph\">{\"@context\":\"https:\/\/schema.org\",\"@graph\":[{\"@type\":\"WebSite\",\"@id\":\"https:\/\/secovimed-pr.com.br\/londrina\/#website\",\"url\":\"https:\/\/secovimed-pr.com.br\/londrina\/\",\"name\":\"SecoviMed - Londrina\",\"description\":\"Servi\\u00e7o Social da Habita\\u00e7\\u00e3o\",\"potentialAction\":[{\"@type\":\"SearchAction\",\"target\":{\"@type\":\"EntryPoint\",\"urlTemplate\":\"https:\/\/secovimed-pr.com.br\/londrina\/?s={search_term_string}\"},\"query-input\":\"required name=search_term_string\"}],\"inLanguage\":\"pt-BR\"},{\"@type\":\"WebPage\",\"@id\":\"https:\/\/secovimed-pr.com.br\/londrina\/historia\/#webpage\",\"url\":\"https:\/\/secovimed-pr.com.br\/londrina\/historia\/\",\"name\":\"Hist\\u00f3ria - SecoviMed - Londrina\",\"isPartOf\":{\"@id\":\"https:\/\/secovimed-pr.com.br\/londrina\/#website\"},\"datePublished\":\"2022-05-13T18:41:58+00:00\",\"dateModified\":\"2022-05-13T18:41:59+00:00\",\"breadcrumb\":{\"@id\":\"https:\/\/secovimed-pr.com.br\/londrina\/historia\/#breadcrumb\"},\"inLanguage\":\"pt-BR\",\"potentialAction\":[{\"@type\":\"ReadAction\",\"target\":[\"https:\/\/secovimed-pr.com.br\/londrina\/historia\/\"]}]},{\"@type\":\"BreadcrumbList\",\"@id\":\"https:\/\/secovimed-pr.com.br\/londrina\/historia\/#breadcrumb\",\"itemListElement\":[{\"@type\":\"ListItem\",\"position\":1,\"name\":\"In\\u00edcio\",\"item\":\"https:\/\/secovimed-pr.com.br\/londrina\/\"},{\"@type\":\"ListItem\",\"position\":2,\"name\":\"Hist\\u00f3ria\"}]}]}<\/script>\n<!-- \/ Yoast SEO plugin. -->","yoast_head_json":{"title":"Hist\u00f3ria - SecoviMed - Londrina","robots":{"index":"noindex","follow":"follow","max-snippet":"max-snippet:-1","max-image-preview":"max-image-preview:large","max-video-preview":"max-video-preview:-1"},"og_locale":"pt_BR","og_type":"article","og_title":"Hist\u00f3ria - SecoviMed - Londrina","og_description":"SECOVIMED \u2013 CURITIBA 1996 Sob a Coordena\u00e7\u00e3o do Presidente Edmar Arruda o Secovi realiza as primeiras reuni\u00f5es voltadas para discuss\u00e3o de projetos sociais. A diretoria do Secovi-PR elabora o Plano de A\u00e7\u00e3o para \u00e1rea social, determinando as prioridades e os objetivos que se pretendia alcan\u00e7ar. S\u00e3o realizadas visitas a outras entidades de atendimento social, agregando [&hellip;]","og_url":"https:\/\/secovimed-pr.com.br\/londrina\/historia\/","og_site_name":"SecoviMed - Londrina","article_modified_time":"2022-05-13T18:41:59+00:00","twitter_card":"summary_large_image","twitter_misc":{"Est. tempo de leitura":"4 minutos"},"schema":{"@context":"https:\/\/schema.org","@graph":[{"@type":"WebSite","@id":"https:\/\/secovimed-pr.com.br\/londrina\/#website","url":"https:\/\/secovimed-pr.com.br\/londrina\/","name":"SecoviMed - Londrina","description":"Servi\u00e7o Social da Habita\u00e7\u00e3o","potentialAction":[{"@type":"SearchAction","target":{"@type":"EntryPoint","urlTemplate":"https:\/\/secovimed-pr.com.br\/londrina\/?s={search_term_string}"},"query-input":"required name=search_term_string"}],"inLanguage":"pt-BR"},{"@type":"WebPage","@id":"https:\/\/secovimed-pr.com.br\/londrina\/historia\/#webpage","url":"https:\/\/secovimed-pr.com.br\/londrina\/historia\/","name":"Hist\u00f3ria - SecoviMed - Londrina","isPartOf":{"@id":"https:\/\/secovimed-pr.com.br\/londrina\/#website"},"datePublished":"2022-05-13T18:41:58+00:00","dateModified":"2022-05-13T18:41:59+00:00","breadcrumb":{"@id":"https:\/\/secovimed-pr.com.br\/londrina\/historia\/#breadcrumb"},"inLanguage":"pt-BR","potentialAction":[{"@type":"ReadAction","target":["https:\/\/secovimed-pr.com.br\/londrina\/historia\/"]}]},{"@type":"BreadcrumbList","@id":"https:\/\/secovimed-pr.com.br\/londrina\/historia\/#breadcrumb","itemListElement":[{"@type":"ListItem","position":1,"name":"In\u00edcio","item":"https:\/\/secovimed-pr.com.br\/londrina\/"},{"@type":"ListItem","position":2,"name":"Hist\u00f3ria"}]}]}},"_links":{"self":[{"href":"https:\/\/secovimed-pr.com.br\/londrina\/wp-json\/wp\/v2\/pages\/441"}],"collection":[{"href":"https:\/\/secovimed-pr.com.br\/londrina\/wp-json\/wp\/v2\/pages"}],"about":[{"href":"https:\/\/secovimed-pr.com.br\/londrina\/wp-json\/wp\/v2\/types\/page"}],"author":[{"embeddable":true,"href":"https:\/\/secovimed-pr.com.br\/londrina\/wp-json\/wp\/v2\/users\/1"}],"replies":[{"embeddable":true,"href":"https:\/\/secovimed-pr.com.br\/londrina\/wp-json\/wp\/v2\/comments?post=441"}],"version-history":[{"count":1,"href":"https:\/\/secovimed-pr.com.br\/londrina\/wp-json\/wp\/v2\/pages\/441\/revisions"}],"predecessor-version":[{"id":442,"href":"https:\/\/secovimed-pr.com.br\/londrina\/wp-json\/wp\/v2\/pages\/441\/revisions\/442"}],"wp:attachment":[{"href":"https:\/\/secovimed-pr.com.br\/londrina\/wp-json\/wp\/v2\/media?parent=441"}],"curies":[{"name":"wp","href":"https:\/\/api.w.org\/{rel}","templated":true}]}}