{"id":329,"date":"2022-05-11T16:34:54","date_gmt":"2022-05-11T19:34:54","guid":{"rendered":"https:\/\/londrina.secovimed-pr.com.br\/?page_id=329"},"modified":"2022-05-11T16:34:55","modified_gmt":"2022-05-11T19:34:55","slug":"convencao-coletiva-condominios","status":"publish","type":"page","link":"https:\/\/secovimed-pr.com.br\/londrina\/convencao-coletiva-condominios\/","title":{"rendered":"Conven\u00e7\u00e3o Coletiva Condom\u00ednios"},"content":{"rendered":"\n<p>Cl\u00e1usula SecoviMed-PR 2015 \/ 2016<\/p>\n\n\n\n<p>CL\u00c1USULA QUINQUAG\u00c9SIMA SEXTA &#8211; SERVI\u00c7O ASSISTENCIAIS SECOVIMED<\/p>\n\n\n\n<p>SERVI\u00c7OS ASSISTENCIAIS SECOVIMED &#8211; O Servi\u00e7o Social da Habita\u00e7\u00e3o do Paran\u00e1 SECOVIMED-PR, sociedade civil sem fins lucrativos que tem por objetivo a presta\u00e7\u00e3o de servi\u00e7os assistenciais de car\u00e1ter social mas \u00e1reas de sa\u00fade, educa\u00e7\u00e3o e lazer, em particular, assist\u00eancia \u00e0 sa\u00fade com coleta de material para analise de laborat\u00f3rio e assist\u00eancia odontol\u00f3gica aos integrantes das categorias laborais e patronais a que se referem as Empresas de Compra, Venda, Loca\u00e7\u00e3o, Administra\u00e7\u00e3o, Incorpora\u00e7\u00e3o e Shoppings Loteamento de Im\u00f3veis e dos Edif\u00edcios em Condominios Residenciais e Comerciais do Paran\u00e1- SECOVI-PR.<\/p>\n\n\n\n<p>PAR\u00c1GRAFO PRIMEIRO: Caber\u00e1 ao SECOVIMED-PR, atrav\u00e9s de sua Diretoria devidamente constitu\u00edda conforme Estatuto, definir as \u00e1reas de atua\u00e7\u00e3o priorit\u00e1rias da entidade, bem como as normas e condi\u00e7\u00f5es gerais para expans\u00e3o do atendimento, de conformidade com os recursos dispon\u00edveis, promovendo alternativas para melhoria da qualidade de vida, da qualifica\u00e7\u00e3o e da produtividade dos empregados e empregadores dos setores sob sujei\u00e7\u00e3o desta Conven\u00e7\u00e3o Coletiva de Trabalho.<\/p>\n\n\n\n<p>PAR\u00c1GRAFO SEGUNDO: De acordo com a decis\u00e3o da Assembleia Geral do Sindicato Patronal e com o fim de possibilitar que o SECOVIMED possa desenvolver e ampliar sua atividades, os condominios representados pelo SECOVI-PR, estabelecidos em Curitiba e Regi\u00e3o Metropolitana, est\u00e3o obrigados a recolher mensalmente em favor do Servi\u00e7o Social da Habita\u00e7\u00e3o do Paran\u00e1, o valor correspondente a 2,4% (dois v\u00edrgula quatro por cento) da folha bruta de pagamento de seus empregados, respeitada a contribui\u00e7\u00e3o minima mensal por Condominio de 2,4% (dois v\u00edrgula quatro por cento) sobre 2 (dois) pisos da fun\u00e7\u00e3o de porteiro, exceto pela contribui\u00e7\u00e3o sobre a folha bruta do 13\u00ba sal\u00e1rio (decimo terceiro sal\u00e1rio). Este percentual poder\u00e1 ser alterado extraordinariamente por proposi\u00e7\u00e3o do Conselho Consultivo ou da Diretoria Executiva do SECOVIMED-PR, mediante aprova\u00e7\u00e3o em Assembleia Geral do SECOVI-PR. Em decorr\u00eancia desta contribui\u00e7\u00e3o, os funcion\u00e1rios e s\u00edndicos de condominios ter\u00e3o direito a utilizar os servi\u00e7os prestados pelo SECOVIMED-PR nas \u00e1reas de Servi\u00e7o Social, Medicina e Odontologia de conformidade com seu escopo e regimento interno.<\/p>\n\n\n\n<p>PAR\u00c1GRAFO TERCEIRO: Para a base de c\u00e1lculo, os condominios dever\u00e3o considerar o valor da folha bruta de pagamento dos empregados, incluindo verbas vari\u00e1veis, verbas rescis\u00f3rias, DSR, horas extras, f\u00e9rias, ter\u00e7o constitucional de f\u00e9rias coletivas, antes dos descontos, no m\u00eas de refer\u00eancia da contribui\u00e7\u00e3o. A contribui\u00e7\u00e3o devr\u00e1 ser recolhida junto a Rede Bancaria at\u00e9 o dia 10 (dez) subsequente, em guia pr\u00f3pria fornecida pelo SECOVIMED, a qual dever\u00e1 conter a rela\u00e7\u00e3o dos empregados cadastrados no SECOVIMED, o que comprovar\u00e1 o cumprimento desta Cl\u00e1usula na CCT. O recolhimento acima citado refere-se \u00e0s opera\u00e7\u00f5es com os &nbsp;condom\u00ednios dos munic\u00edpios servidos pelos postos de servi\u00e7os do SECOVIMED, j\u00e1 instalados ou que venham a instalar-se na vig\u00eancia desta conven\u00e7\u00e3o.<\/p>\n\n\n\n<p>PAR\u00c1GRAFO QUARTO: Para possibilitar o c\u00e1lculo e emiss\u00e3o de guias, \u00e9 obrigat\u00f3rio o envio por meio eletr\u00f4nico em formato PDF da RE (Rela\u00e7\u00e3o de Empregados), gerados juntamente com a GPS no sistema SEFIP, carregando o arquivo no site www.londrina.secovimed-pr.com.br mediante cadastramento de senha, at\u00e9 o terceiro dia \u00fatil do m\u00eas subsequente ao fato gerador. A comprova\u00e7\u00e3o de envio se dar\u00e1 por protocolo emitido no ato do envio das R.E. (Rela\u00e7\u00e3o de Empregados). A aus\u00eancia do envio da RE faculta ao SECOVIMED a suspens\u00e3o imediata do atendimento at\u00e9 a devida regulariza\u00e7\u00e3o pelo empregador.<\/p>\n\n\n\n<p>PAR\u00c1GRAFO QUINTO: \u00c9 responsabilidade do empregador manter o SECOVIMED informado das altera\u00e7\u00f5es no quadro de funcion\u00e1rios de seu condominio. No ato da admiss\u00e3o de novos empregados, o condominio dever\u00e1 enviar o empregado ao SECOVIMED, munido de Carteira de Trabalho (CTPS) com as devidas anota\u00e7\u00f5es de registro, comprovante de endere\u00e7o, RG e CPF para o devido cadastramento. O condominio dever\u00e1 manter c\u00f3pia das notifica\u00e7\u00f5es para comparecimento do empregado no SECOVIMED. O condominio poder\u00e1 optar por enviar c\u00f3pia da CTPS, RG CPF e Comprovante de Resid\u00eancia ao SECOVIMED, desde que mantenha protocolo de entrega emitido pelo departamento de cadastro do SECOVIMED. No ato da Demiss\u00e3o, o condom\u00ednio dever\u00e1 comunicar o SECOVIMED do desligamento do funcion\u00e1rio at\u00e9 o \u00faltimo dia \u00fatil do m\u00eas da rescis\u00e3o, enviando comunicado mediante comprova\u00e7\u00e3o de recebimento. O SECOVIMED n\u00e3o restituir\u00e1 valores relativos a contribui\u00e7\u00e3o sobre funcion\u00e1rios n\u00e3o baixados at\u00e9 o ultimo dia do m\u00eas de sua rescis\u00e3o de contrato ou n\u00e3o comprovados pelo envio do pedido de baixa. Se julgar necess\u00e1rio, o SECOVIMED-PR poder\u00e1 pedir comprova\u00e7\u00e3o da rescis\u00e3o por meio de apresenta\u00e7\u00e3o da Rescis\u00e3o de Contrato de Trabalho.<\/p>\n\n\n\n<p>PAR\u00c1GRAFO SEXTO: O SECOVIMED estabelecer\u00e1 as regaras internas de atendimento, devendo manter o empregado (a) informado das condi\u00e7\u00f5es gerais de uso atrav\u00e9s de Manuais e Regulamentos impressos e informa\u00e7\u00f5es no Site que devm estar disponiveis sempre que solicitados pelo empregado\/empregador.<\/p>\n\n\n\n<p>PAR\u00c1GRAFO S\u00c9TIMO: A falta de recolhimento da contribui\u00e7\u00e3o na data do vencimento implica em bloqueio da assist\u00eancia ao empregado e ao sindico, e atualiza\u00e7\u00e3o monet\u00e1ria do d\u00e9bito at\u00e9 a data do efetivo pagamento. Sobre o valor devido incidir\u00e1 multa de 2% (dois por cento). Ap\u00f3s 60 (sessenta) dias de atraso, os d\u00e9bitos ser\u00e3o cobradospor um servi\u00e7o jur\u00eddico. Em caso de cobran\u00e7a judicial, ser\u00e1 acrescida ao montante atualizado uma taxa de at\u00e9 20% (vinte por cento) a t\u00edtulo de honor\u00e1rios advocat\u00edcios. Incorrer\u00e1 nas mesmas penalidades o condom\u00ednio que nas a\u00e7\u00f5es de fiscaliza\u00e7\u00e3o, tiver comprovado recolhimento inferior ao efetivamente devido.<\/p>\n\n\n\n<p>PAR\u00c1GRAFO OITAVO: Para resguardar os direitos dos empregados e do s\u00edndico o condominio poder\u00e1 substituir o SECOVIMED por outro servi\u00e7o assistencial desde que o novo servi\u00e7o que venha a substitui-lo seja qualitativa e quantitativamente superior ao SECOVIMED. Neste caso o condominio dever\u00e1 comprovar a substitui\u00e7\u00e3o atrav\u00e9s da apresenta\u00e7\u00e3o de recibos de pagametno em favor de outra entidade assistencial, no qual deve constar a rela\u00e7\u00e3o dos nomes dos empregados beneficiados.<\/p>\n\n\n\n<p>PAR\u00c1GRAFO NONO: Despesas com Medicamentos Farmac\u00eauticos descontados em folha, decorrentes do conv\u00eanio farm\u00e1cia firmado entre condominios e o SECOVIMED e ou SECOVI-PR, n\u00e3o infringem o disposto no art. 462, da CLT, desde que autorizados por escrito pelos empregados beneficiados.<\/p>\n\n\n\n<p>A autenticidade deste documento poder\u00e1 ser confirmada na p\u00e1gina do Minist\u00e9rio do Trabalho e Emprego na Internet, no endere\u00e7o <a href=\"https:\/\/www.gov.br\/trabalho-e-previdencia\/pt-br\" target=\"_blank\" rel=\"noreferrer noopener\">www.gov.br\/trabalho-e-previdencia\/pt-br<\/a><\/p>\n","protected":false},"excerpt":{"rendered":"<p>Cl\u00e1usula SecoviMed-PR 2015 \/ 2016 CL\u00c1USULA QUINQUAG\u00c9SIMA SEXTA &#8211; SERVI\u00c7O ASSISTENCIAIS SECOVIMED SERVI\u00c7OS ASSISTENCIAIS SECOVIMED &#8211; O Servi\u00e7o Social da Habita\u00e7\u00e3o do Paran\u00e1 SECOVIMED-PR, sociedade civil sem fins lucrativos que tem por objetivo a presta\u00e7\u00e3o de servi\u00e7os assistenciais de car\u00e1ter social mas \u00e1reas de sa\u00fade, educa\u00e7\u00e3o e lazer, em particular, assist\u00eancia \u00e0 sa\u00fade com coleta [&hellip;]<\/p>\n","protected":false},"author":1,"featured_media":0,"parent":0,"menu_order":0,"comment_status":"closed","ping_status":"closed","template":"","meta":[],"acf":[],"yoast_head":"<!-- This site is optimized with the Yoast SEO plugin v17.9 - https:\/\/yoast.com\/wordpress\/plugins\/seo\/ -->\n<title>Conven\u00e7\u00e3o Coletiva Condom\u00ednios - SecoviMed - Londrina<\/title>\n<meta name=\"robots\" content=\"noindex, follow, max-snippet:-1, max-image-preview:large, max-video-preview:-1\" \/>\n<meta property=\"og:locale\" content=\"pt_BR\" \/>\n<meta property=\"og:type\" content=\"article\" \/>\n<meta property=\"og:title\" content=\"Conven\u00e7\u00e3o Coletiva Condom\u00ednios - SecoviMed - Londrina\" \/>\n<meta property=\"og:description\" content=\"Cl\u00e1usula SecoviMed-PR 2015 \/ 2016 CL\u00c1USULA QUINQUAG\u00c9SIMA SEXTA &#8211; SERVI\u00c7O ASSISTENCIAIS SECOVIMED SERVI\u00c7OS ASSISTENCIAIS SECOVIMED &#8211; O Servi\u00e7o Social da Habita\u00e7\u00e3o do Paran\u00e1 SECOVIMED-PR, sociedade civil sem fins lucrativos que tem por objetivo a presta\u00e7\u00e3o de servi\u00e7os assistenciais de car\u00e1ter social mas \u00e1reas de sa\u00fade, educa\u00e7\u00e3o e lazer, em particular, assist\u00eancia \u00e0 sa\u00fade com coleta [&hellip;]\" \/>\n<meta property=\"og:url\" content=\"https:\/\/secovimed-pr.com.br\/londrina\/convencao-coletiva-condominios\/\" \/>\n<meta property=\"og:site_name\" content=\"SecoviMed - Londrina\" \/>\n<meta property=\"article:modified_time\" content=\"2022-05-11T19:34:55+00:00\" \/>\n<meta name=\"twitter:card\" content=\"summary_large_image\" \/>\n<meta name=\"twitter:label1\" content=\"Est. tempo de leitura\" \/>\n\t<meta name=\"twitter:data1\" content=\"6 minutos\" \/>\n<script type=\"application\/ld+json\" class=\"yoast-schema-graph\">{\"@context\":\"https:\/\/schema.org\",\"@graph\":[{\"@type\":\"WebSite\",\"@id\":\"https:\/\/secovimed-pr.com.br\/londrina\/#website\",\"url\":\"https:\/\/secovimed-pr.com.br\/londrina\/\",\"name\":\"SecoviMed - Londrina\",\"description\":\"Servi\\u00e7o Social da Habita\\u00e7\\u00e3o\",\"potentialAction\":[{\"@type\":\"SearchAction\",\"target\":{\"@type\":\"EntryPoint\",\"urlTemplate\":\"https:\/\/secovimed-pr.com.br\/londrina\/?s={search_term_string}\"},\"query-input\":\"required name=search_term_string\"}],\"inLanguage\":\"pt-BR\"},{\"@type\":\"WebPage\",\"@id\":\"https:\/\/secovimed-pr.com.br\/londrina\/convencao-coletiva-condominios\/#webpage\",\"url\":\"https:\/\/secovimed-pr.com.br\/londrina\/convencao-coletiva-condominios\/\",\"name\":\"Conven\\u00e7\\u00e3o Coletiva Condom\\u00ednios - SecoviMed - Londrina\",\"isPartOf\":{\"@id\":\"https:\/\/secovimed-pr.com.br\/londrina\/#website\"},\"datePublished\":\"2022-05-11T19:34:54+00:00\",\"dateModified\":\"2022-05-11T19:34:55+00:00\",\"breadcrumb\":{\"@id\":\"https:\/\/secovimed-pr.com.br\/londrina\/convencao-coletiva-condominios\/#breadcrumb\"},\"inLanguage\":\"pt-BR\",\"potentialAction\":[{\"@type\":\"ReadAction\",\"target\":[\"https:\/\/secovimed-pr.com.br\/londrina\/convencao-coletiva-condominios\/\"]}]},{\"@type\":\"BreadcrumbList\",\"@id\":\"https:\/\/secovimed-pr.com.br\/londrina\/convencao-coletiva-condominios\/#breadcrumb\",\"itemListElement\":[{\"@type\":\"ListItem\",\"position\":1,\"name\":\"In\\u00edcio\",\"item\":\"https:\/\/secovimed-pr.com.br\/londrina\/\"},{\"@type\":\"ListItem\",\"position\":2,\"name\":\"Conven\\u00e7\\u00e3o Coletiva Condom\\u00ednios\"}]}]}<\/script>\n<!-- \/ Yoast SEO plugin. -->","yoast_head_json":{"title":"Conven\u00e7\u00e3o Coletiva Condom\u00ednios - SecoviMed - Londrina","robots":{"index":"noindex","follow":"follow","max-snippet":"max-snippet:-1","max-image-preview":"max-image-preview:large","max-video-preview":"max-video-preview:-1"},"og_locale":"pt_BR","og_type":"article","og_title":"Conven\u00e7\u00e3o Coletiva Condom\u00ednios - SecoviMed - Londrina","og_description":"Cl\u00e1usula SecoviMed-PR 2015 \/ 2016 CL\u00c1USULA QUINQUAG\u00c9SIMA SEXTA &#8211; SERVI\u00c7O ASSISTENCIAIS SECOVIMED SERVI\u00c7OS ASSISTENCIAIS SECOVIMED &#8211; O Servi\u00e7o Social da Habita\u00e7\u00e3o do Paran\u00e1 SECOVIMED-PR, sociedade civil sem fins lucrativos que tem por objetivo a presta\u00e7\u00e3o de servi\u00e7os assistenciais de car\u00e1ter social mas \u00e1reas de sa\u00fade, educa\u00e7\u00e3o e lazer, em particular, assist\u00eancia \u00e0 sa\u00fade com coleta [&hellip;]","og_url":"https:\/\/secovimed-pr.com.br\/londrina\/convencao-coletiva-condominios\/","og_site_name":"SecoviMed - Londrina","article_modified_time":"2022-05-11T19:34:55+00:00","twitter_card":"summary_large_image","twitter_misc":{"Est. tempo de leitura":"6 minutos"},"schema":{"@context":"https:\/\/schema.org","@graph":[{"@type":"WebSite","@id":"https:\/\/secovimed-pr.com.br\/londrina\/#website","url":"https:\/\/secovimed-pr.com.br\/londrina\/","name":"SecoviMed - Londrina","description":"Servi\u00e7o Social da Habita\u00e7\u00e3o","potentialAction":[{"@type":"SearchAction","target":{"@type":"EntryPoint","urlTemplate":"https:\/\/secovimed-pr.com.br\/londrina\/?s={search_term_string}"},"query-input":"required name=search_term_string"}],"inLanguage":"pt-BR"},{"@type":"WebPage","@id":"https:\/\/secovimed-pr.com.br\/londrina\/convencao-coletiva-condominios\/#webpage","url":"https:\/\/secovimed-pr.com.br\/londrina\/convencao-coletiva-condominios\/","name":"Conven\u00e7\u00e3o Coletiva Condom\u00ednios - SecoviMed - Londrina","isPartOf":{"@id":"https:\/\/secovimed-pr.com.br\/londrina\/#website"},"datePublished":"2022-05-11T19:34:54+00:00","dateModified":"2022-05-11T19:34:55+00:00","breadcrumb":{"@id":"https:\/\/secovimed-pr.com.br\/londrina\/convencao-coletiva-condominios\/#breadcrumb"},"inLanguage":"pt-BR","potentialAction":[{"@type":"ReadAction","target":["https:\/\/secovimed-pr.com.br\/londrina\/convencao-coletiva-condominios\/"]}]},{"@type":"BreadcrumbList","@id":"https:\/\/secovimed-pr.com.br\/londrina\/convencao-coletiva-condominios\/#breadcrumb","itemListElement":[{"@type":"ListItem","position":1,"name":"In\u00edcio","item":"https:\/\/secovimed-pr.com.br\/londrina\/"},{"@type":"ListItem","position":2,"name":"Conven\u00e7\u00e3o Coletiva Condom\u00ednios"}]}]}},"_links":{"self":[{"href":"https:\/\/secovimed-pr.com.br\/londrina\/wp-json\/wp\/v2\/pages\/329"}],"collection":[{"href":"https:\/\/secovimed-pr.com.br\/londrina\/wp-json\/wp\/v2\/pages"}],"about":[{"href":"https:\/\/secovimed-pr.com.br\/londrina\/wp-json\/wp\/v2\/types\/page"}],"author":[{"embeddable":true,"href":"https:\/\/secovimed-pr.com.br\/londrina\/wp-json\/wp\/v2\/users\/1"}],"replies":[{"embeddable":true,"href":"https:\/\/secovimed-pr.com.br\/londrina\/wp-json\/wp\/v2\/comments?post=329"}],"version-history":[{"count":1,"href":"https:\/\/secovimed-pr.com.br\/londrina\/wp-json\/wp\/v2\/pages\/329\/revisions"}],"predecessor-version":[{"id":330,"href":"https:\/\/secovimed-pr.com.br\/londrina\/wp-json\/wp\/v2\/pages\/329\/revisions\/330"}],"wp:attachment":[{"href":"https:\/\/secovimed-pr.com.br\/londrina\/wp-json\/wp\/v2\/media?parent=329"}],"curies":[{"name":"wp","href":"https:\/\/api.w.org\/{rel}","templated":true}]}}