{"id":159,"date":"2022-01-17T10:51:28","date_gmt":"2022-01-17T13:51:28","guid":{"rendered":"https:\/\/secovipr.com.br\/?page_id=159"},"modified":"2025-02-20T15:06:31","modified_gmt":"2025-02-20T18:06:31","slug":"diretoria-executiva","status":"publish","type":"page","link":"https:\/\/secovimed-pr.com.br\/londrina\/institucional\/diretoria-executiva\/","title":{"rendered":"Diretoria Executiva"},"content":{"rendered":"\n<p class=\"has-text-align-center\"><strong>Presidente<\/strong><br>Paulo Eduardo de Oliveira<\/p>\n\n\n\n<p class=\"has-text-align-center\"><strong>Vice-presidente <\/strong><br>Luiz Ant\u00f4nio Langer<\/p>\n\n\n\n<p class=\"has-text-align-center\"><strong>Vice-presidente de Planejamento<\/strong><br>Luiz Carlos Borges da Silva<\/p>\n\n\n\n<p class=\"has-text-align-center\"><strong>Vice-presidente financeiro:<\/strong><br>Sergio Schwind<\/p>\n\n\n\n<p class=\"has-text-align-center\"><strong>Vice-presidente Administrativo <\/strong><br>Lino Moser<\/p>\n\n\n\n<p class=\"has-text-align-center\"><\/p>\n","protected":false},"excerpt":{"rendered":"<p>PresidentePaulo Eduardo de Oliveira Vice-presidente Luiz Ant\u00f4nio Langer Vice-presidente de PlanejamentoLuiz Carlos Borges da Silva Vice-presidente financeiro:Sergio Schwind Vice-presidente Administrativo Lino Moser<\/p>\n","protected":false},"author":1,"featured_media":0,"parent":38,"menu_order":0,"comment_status":"closed","ping_status":"closed","template":"","meta":[],"acf":[],"yoast_head":"<!-- This site is optimized with the Yoast SEO plugin v17.9 - https:\/\/yoast.com\/wordpress\/plugins\/seo\/ -->\n<title>Diretoria Executiva - SecoviMed - Londrina<\/title>\n<meta name=\"robots\" content=\"noindex, follow, max-snippet:-1, max-image-preview:large, max-video-preview:-1\" \/>\n<meta property=\"og:locale\" content=\"pt_BR\" \/>\n<meta property=\"og:type\" content=\"article\" \/>\n<meta property=\"og:title\" content=\"Diretoria Executiva - SecoviMed - Londrina\" \/>\n<meta property=\"og:description\" content=\"PresidentePaulo Eduardo de Oliveira Vice-presidente Luiz Ant\u00f4nio Langer Vice-presidente de PlanejamentoLuiz Carlos Borges da Silva Vice-presidente financeiro:Sergio Schwind Vice-presidente Administrativo Lino Moser\" \/>\n<meta property=\"og:url\" content=\"https:\/\/secovimed-pr.com.br\/londrina\/institucional\/diretoria-executiva\/\" \/>\n<meta property=\"og:site_name\" content=\"SecoviMed - Londrina\" \/>\n<meta property=\"article:modified_time\" content=\"2025-02-20T18:06:31+00:00\" \/>\n<meta name=\"twitter:card\" content=\"summary_large_image\" \/>\n<meta name=\"twitter:label1\" content=\"Est. tempo de leitura\" \/>\n\t<meta name=\"twitter:data1\" content=\"1 minuto\" \/>\n<script type=\"application\/ld+json\" class=\"yoast-schema-graph\">{\"@context\":\"https:\/\/schema.org\",\"@graph\":[{\"@type\":\"WebSite\",\"@id\":\"https:\/\/secovimed-pr.com.br\/londrina\/#website\",\"url\":\"https:\/\/secovimed-pr.com.br\/londrina\/\",\"name\":\"SecoviMed - Londrina\",\"description\":\"Servi\\u00e7o Social da Habita\\u00e7\\u00e3o\",\"potentialAction\":[{\"@type\":\"SearchAction\",\"target\":{\"@type\":\"EntryPoint\",\"urlTemplate\":\"https:\/\/secovimed-pr.com.br\/londrina\/?s={search_term_string}\"},\"query-input\":\"required name=search_term_string\"}],\"inLanguage\":\"pt-BR\"},{\"@type\":\"WebPage\",\"@id\":\"https:\/\/secovimed-pr.com.br\/londrina\/institucional\/diretoria-executiva\/#webpage\",\"url\":\"https:\/\/secovimed-pr.com.br\/londrina\/institucional\/diretoria-executiva\/\",\"name\":\"Diretoria Executiva - SecoviMed - Londrina\",\"isPartOf\":{\"@id\":\"https:\/\/secovimed-pr.com.br\/londrina\/#website\"},\"datePublished\":\"2022-01-17T13:51:28+00:00\",\"dateModified\":\"2025-02-20T18:06:31+00:00\",\"breadcrumb\":{\"@id\":\"https:\/\/secovimed-pr.com.br\/londrina\/institucional\/diretoria-executiva\/#breadcrumb\"},\"inLanguage\":\"pt-BR\",\"potentialAction\":[{\"@type\":\"ReadAction\",\"target\":[\"https:\/\/secovimed-pr.com.br\/londrina\/institucional\/diretoria-executiva\/\"]}]},{\"@type\":\"BreadcrumbList\",\"@id\":\"https:\/\/secovimed-pr.com.br\/londrina\/institucional\/diretoria-executiva\/#breadcrumb\",\"itemListElement\":[{\"@type\":\"ListItem\",\"position\":1,\"name\":\"In\\u00edcio\",\"item\":\"https:\/\/secovimed-pr.com.br\/londrina\/\"},{\"@type\":\"ListItem\",\"position\":2,\"name\":\"Institucional\",\"item\":\"https:\/\/secovimed-pr.com.br\/londrina\/institucional\/\"},{\"@type\":\"ListItem\",\"position\":3,\"name\":\"Diretoria Executiva\"}]}]}<\/script>\n<!-- \/ Yoast SEO plugin. -->","yoast_head_json":{"title":"Diretoria Executiva - SecoviMed - Londrina","robots":{"index":"noindex","follow":"follow","max-snippet":"max-snippet:-1","max-image-preview":"max-image-preview:large","max-video-preview":"max-video-preview:-1"},"og_locale":"pt_BR","og_type":"article","og_title":"Diretoria Executiva - SecoviMed - Londrina","og_description":"PresidentePaulo Eduardo de Oliveira Vice-presidente Luiz Ant\u00f4nio Langer Vice-presidente de PlanejamentoLuiz Carlos Borges da Silva Vice-presidente financeiro:Sergio Schwind Vice-presidente Administrativo Lino Moser","og_url":"https:\/\/secovimed-pr.com.br\/londrina\/institucional\/diretoria-executiva\/","og_site_name":"SecoviMed - Londrina","article_modified_time":"2025-02-20T18:06:31+00:00","twitter_card":"summary_large_image","twitter_misc":{"Est. tempo de leitura":"1 minuto"},"schema":{"@context":"https:\/\/schema.org","@graph":[{"@type":"WebSite","@id":"https:\/\/secovimed-pr.com.br\/londrina\/#website","url":"https:\/\/secovimed-pr.com.br\/londrina\/","name":"SecoviMed - Londrina","description":"Servi\u00e7o Social da Habita\u00e7\u00e3o","potentialAction":[{"@type":"SearchAction","target":{"@type":"EntryPoint","urlTemplate":"https:\/\/secovimed-pr.com.br\/londrina\/?s={search_term_string}"},"query-input":"required name=search_term_string"}],"inLanguage":"pt-BR"},{"@type":"WebPage","@id":"https:\/\/secovimed-pr.com.br\/londrina\/institucional\/diretoria-executiva\/#webpage","url":"https:\/\/secovimed-pr.com.br\/londrina\/institucional\/diretoria-executiva\/","name":"Diretoria Executiva - SecoviMed - Londrina","isPartOf":{"@id":"https:\/\/secovimed-pr.com.br\/londrina\/#website"},"datePublished":"2022-01-17T13:51:28+00:00","dateModified":"2025-02-20T18:06:31+00:00","breadcrumb":{"@id":"https:\/\/secovimed-pr.com.br\/londrina\/institucional\/diretoria-executiva\/#breadcrumb"},"inLanguage":"pt-BR","potentialAction":[{"@type":"ReadAction","target":["https:\/\/secovimed-pr.com.br\/londrina\/institucional\/diretoria-executiva\/"]}]},{"@type":"BreadcrumbList","@id":"https:\/\/secovimed-pr.com.br\/londrina\/institucional\/diretoria-executiva\/#breadcrumb","itemListElement":[{"@type":"ListItem","position":1,"name":"In\u00edcio","item":"https:\/\/secovimed-pr.com.br\/londrina\/"},{"@type":"ListItem","position":2,"name":"Institucional","item":"https:\/\/secovimed-pr.com.br\/londrina\/institucional\/"},{"@type":"ListItem","position":3,"name":"Diretoria Executiva"}]}]}},"_links":{"self":[{"href":"https:\/\/secovimed-pr.com.br\/londrina\/wp-json\/wp\/v2\/pages\/159"}],"collection":[{"href":"https:\/\/secovimed-pr.com.br\/londrina\/wp-json\/wp\/v2\/pages"}],"about":[{"href":"https:\/\/secovimed-pr.com.br\/londrina\/wp-json\/wp\/v2\/types\/page"}],"author":[{"embeddable":true,"href":"https:\/\/secovimed-pr.com.br\/londrina\/wp-json\/wp\/v2\/users\/1"}],"replies":[{"embeddable":true,"href":"https:\/\/secovimed-pr.com.br\/londrina\/wp-json\/wp\/v2\/comments?post=159"}],"version-history":[{"count":4,"href":"https:\/\/secovimed-pr.com.br\/londrina\/wp-json\/wp\/v2\/pages\/159\/revisions"}],"predecessor-version":[{"id":985,"href":"https:\/\/secovimed-pr.com.br\/londrina\/wp-json\/wp\/v2\/pages\/159\/revisions\/985"}],"up":[{"embeddable":true,"href":"https:\/\/secovimed-pr.com.br\/londrina\/wp-json\/wp\/v2\/pages\/38"}],"wp:attachment":[{"href":"https:\/\/secovimed-pr.com.br\/londrina\/wp-json\/wp\/v2\/media?parent=159"}],"curies":[{"name":"wp","href":"https:\/\/api.w.org\/{rel}","templated":true}]}}